t is the remainder when 16 is divided by (-33)/(-22)*((-48)/9)/(-2)?
0
Suppose 6*n + 50 = 5*y + 3*n, 0 = -y - 5*n + 38. What is the remainder when 69 is divided by y?
4
What is the remainder when 216 is divided by (-272)/14*(-70)/20?
12
Suppose 3*k = 2*d - 91 + 494, -3*k + 4*d + 395 = 0. What is the remainder when k is divided by 23?
22
Let d(b) = -121*b + 752. Let z(a) = 12*a**2 - 3*a + 4. What is the remainder when z(3) is divided by d(6)?
25
Let a be (1*-22)/(6/(-9)). Suppose a = 4*u - u. What is the remainder when u is divided by 7?
4
Suppose -4*t = -2*k - 4 + 38, 0 = 4*k - 4*t - 80. Calculate the remainder when k is divided by 13.
10
Suppose -360 = -5*r + 5*z, 176*r - 171*r = 3*z + 358. What is the remainder when r is divided by 21?
8
Suppose 4*t - 15 - 5 = 0. Suppose 2*c + 5*o - 20 = 0, -3*c + t*o + 8 = 3. What is the remainder when (9/(-2))/(2/(-4)) is divided by c?
4
Calculate the remainder when (20/12)/((-25)/(-1170)) is divided by 2.
0
Let q be 1/(1 + -7 + 5). Let w(u) = -19*u - 2. Suppose 5*a = 6*a - 48. What is the remainder when a is divided by w(q)?
14
Suppose -2*d + 328 = 3*i, -4*i + 12*d = 13*d - 429. Let x(n) = -2*n**3 - 4*n**2 - 2*n - 2. Calculate the remainder when i is divided by x(-3).
18
Suppose 5*r = -3*w + 109, 5*w - 105 = -46*r + 41*r. What is the remainder when 110 is divided by r?
18
Let q = -623 + 801. Suppose 0*h = 5*h - 100. Calculate the remainder when q is divided by h.
18
Let y = 976 - 687. What is the remainder when y is divided by 21?
16
Suppose s - 4*f = 81, -40 = -2*s + 5*f + 125. What is the remainder when s is divided by 13?
7
Suppose -2*u = -4*l + 228, l + 3*u = 2*l - 62. What is the remainder when 159 is divided by l?
47
Let g(w) = 9*w + 48. Calculate the remainder when g(8) is divided by 31.
27
Let j = -36 - -108. Suppose -258 = -3*p - j. What is the remainder when p is divided by 22?
18
Suppose -42*n + 385 = 49. What is the remainder when 2 + (1 - (0 - 19)) is divided by n?
6
What is the remainder when 4766/16 + (-1 - 117/(-104)) is divided by 25?
23
Calculate the remainder when (0 - 1)/(2/(-18)) is divided by (-1)/((-11)/220*4).
4
Let w(c) = 2*c - 16. What is the remainder when 62 is divided by w(12)?
6
Let x be (-4 - -14)*(-21)/(-6). Let p = x - 14. Suppose 0 = -v, p = -w + 4*w - 2*v. Calculate the remainder when 20 is divided by w.
6
Let y(r) = 12*r + 15. Let g(v) = 12*v + 14. Let o(h) = 3*g(h) - 2*y(h). Let s = 68 + -47. Calculate the remainder when o(4) is divided by s.
18
Calculate the remainder when 143 is divided by 1/(((-140)/(-4095))/((-8)/(-6))).
26
Let x be (4/(6/(-3)))/((-2)/(-19)). Let k(v) = -4*v - 30. Calculate the remainder when k(x) is divided by 6.
4
Suppose -5*o - v = -3*v - 42, -2*v + 48 = 4*o. Calculate the remainder when o is divided by (-5 + 0)*(-8)/5.
2
Suppose 0 = -6*v + 19 + 35. Suppose -v*z + 4*z = -200. What is the remainder when 69 is divided by z/6*(-21)/(-14)?
9
What is the remainder when 10 is divided by (-403)/(-62) - 2/(-4)?
3
Let q be -2 + (-1669)/(-2) + (-21)/42. Suppose 8*v - q = -0*v. Calculate the remainder when v is divided by 21.
20
Let x = 43 - 46. Suppose 5*p = 256 - 91. What is the remainder when p is divided by 104/78 - 23/x?
6
Let m(u) = 3*u - 3. Let c(x) = -6*x + 6. Let g(q) = -3*c(q) - 7*m(q). Let r be g(-1). What is the remainder when 37 is divided by 0 - (-2 + r) - -12?
5
Let b(m) = 7*m**2 - m + 1. Suppose -4*r - 58 = -8*c + 3*c, -50 = -4*c + 2*r. Calculate the remainder when (-3)/(-2)*c - (2 + 1) is divided by b(1).
4
Calculate the remainder when 71 is divided by (994/16)/1 - 149/1192.
9
Suppose 330 = 5*o + p + 81, 0 = -o - 3*p + 61. Let d = 618 + -597. What is the remainder when o is divided by d?
7
Let y(c) = -214*c - 1187. Calculate the remainder when y(-10) is divided by 9.
8
Let h = -23 + 11. Let t = 34 - 21. Calculate the remainder when t is divided by h/(-14)*(10 - 3).
1
Suppose 15*y = -6*y + 567. What is the remainder when y is divided by 13?
1
What is the remainder when 198 is divided by -5 + (-421)/(-9) + (-8)/(-36)?
30
Let s = 129 + -70. Suppose 2*i - 2 + 0 = 0. Calculate the remainder when s is divided by 17 + (i - -2) + 0.
19
Suppose 0 = 56*d - 80*d + 840. Calculate the remainder when 209 is divided by d.
34
Suppose -193 = 3*a + 2*d, 3*d - 4 = 5*d. Let s = a - -130. What is the remainder when s is divided by 23?
21
Calculate the remainder when ((-542)/(-10) + (-7)/35)/1 is divided by 32.
22
Let r(u) = -3*u**2 - 45*u - 30. Calculate the remainder when 176 is divided by r(-12).
20
Suppose -5*w + w = -32. Suppose 3*i - 7 = w. Suppose 0 = -4*q + 122 - 50. Calculate the remainder when q is divided by i.
3
Suppose -q - 5*r + 12 = -2*q, 4*q - r = -67. Let p = q + 23. Calculate the remainder when 16 is divided by p.
4
Let n be 1/(-4) + (-1)/(-4). Suppose n = -2*a - 3*a + 20. Let s(p) = 3*p**2 + p + 18. What is the remainder when s(0) is divided by a?
2
Let j = -11 + 13. Let y = -2 - j. Let p = 14 + y. What is the remainder when 28 is divided by p?
8
Suppose 0 = 5*b - 0*b + 15, 0 = -2*c + 4*b + 540. Calculate the remainder when ((-2)/(-3))/(4/c) is divided by 14.
2
Let a(g) = 8*g - 88. What is the remainder when 427 is divided by a(20)?
67
Let f(g) be the first derivative of g**3/3 + g**2 + 3*g - 5. Let v = 14 + -6. Calculate the remainder when v is divided by f(-2).
2
What is the remainder when ((-14)/3)/(16/(-24)) - -41 is divided by 10?
8
Suppose -5*p = 2*o + 20, -4*o + 6 = -p + 2. Let v be (72/p)/(1*-2). Suppose -2*n + n = -v. What is the remainder when 17 is divided by n?
8
What is the remainder when 88 is divided by 32 + 18/(3 + -6)?
10
Suppose 2*n - 6*n = -5*x, 3*n = 15. Suppose 103 = x*j - 45. What is the remainder when j is divided by 10?
7
Let i(y) = 2*y**2 + 2. Let t = -28 - -30. Suppose -t*g - 3*g - 83 = -4*f, -2*g + 79 = 5*f. Calculate the remainder when f is divided by i(2).
7
Let j(t) = -7*t + 52. Let v be j(8). What is the remainder when 87 is divided by (-94)/(-4) + v/(-8)?
15
Let l be 6 + -3 + -3 + 71. Suppose l + 62 = 7*y. Calculate the remainder when 73 is divided by y.
16
Calculate the remainder when (-2)/3 + (-742)/(-6) is divided by -6 + 37 + (-2 - -3 - 1).
30
Suppose -4*s = 3 - 35. Suppose -5*c = 2*l - 435, c - 4*l - 79 = -14. Calculate the remainder when c is divided by s.
5
Let f(y) = 48*y - 81. What is the remainder when 176 is divided by f(3)?
50
Suppose 5*h + 2 - 22 = 0. Suppose 0*w - 3*w = h*n - 81, -n = 3. What is the remainder when w is divided by -2*(-2)/((-8)/(-34))?
14
Let q = 58 - 30. Let n = q + -23. Suppose 5*i + 11 + 17 = 3*c, -2*i + 26 = n*c. Calculate the remainder when 14 is divided by c.
2
Suppose 3*r - 756 - 153 = -5*z, -5*r = -5*z + 925. Calculate the remainder when z is divided by 32.
23
Let h = 390 - 379. What is the remainder when 318 is divided by h?
10
Let a(z) = -z**3 - 18*z**2 - 22*z + 14. What is the remainder when a(-17) is divided by 17?
14
Suppose -2*w + 0*w + 3*d + 47 = 0, -d = -w + 22. Let p(x) = 2*x**2 + 2*x + 15. What is the remainder when p(4) is divided by w?
17
Let q(p) = p**2 - 15*p - 46. Let w be q(20). Suppose -3*m + w = -3*j, 117 - 21 = 5*m - 3*j. What is the remainder when 59 is divided by m?
17
Let d = 100 + -118. Suppose -w = -52 + 15. Let x = w + d. What is the remainder when x is divided by 6?
1
Suppose 61*v - 101 - 82 = 0. Let a = 15 + -6. What is the remainder when a is divided by v?
0
Suppose 5*f - 42 = 4*k, -4*f - 6*k = -2*k - 12. Calculate the remainder when 30 is divided by 23/3 - (-2)/f.
6
Suppose -g - 162 = -4*g. Let i = g - 38. Calculate the remainder when 44 is divided by i.
12
Suppose 2*l - 3*v = 10, l + 0 = -5*v + 5. Suppose -l*t - 5*n = -80, 0 = -3*t + 2*t + 2*n + 7. What is the remainder when t is divided by 7?
6
Let g = 9 - 4. Suppose -g*u = -15, 7*z - 2*z + 4*u = 132. What is the remainder when 2/(-8) + 942/z is divided by 10?
9
What is the remainder when (-2 - 21)/((-140)/(-21) - 7) is divided by 110/6 + (-2)/6?
15
Let z be 12/(3 + 99/(-30)). Let g = z + 57. Calculate the remainder when g is divided by 12.
5
Let y(r) = 10 + 13*r**2 + 8*r**2 - 19*r**2 - 17*r. What is the remainder when 14 is divided by y(8)?
0
Let p be 10/(-55) + (-510)/(-22). Let i = -7 + p. What is the remainder when 41 is divided by i?
9
Calculate the remainder when 6 - 10/(-1) - (-10)